5070
What is the remainder when 57444 is divided by 1345?
954
What is the remainder when 14364 is divided by 13340?
1024
What is the remainder when 16426 is divided by 218?
76
What is the remainder when 33697 is divided by 11169?
190
Calculate the remainder when 814629 is divided by 90506.
75
Calculate the remainder when 25277 is divided by 3379.
1624
Calculate the remainder when 6458 is divided by 1898.
764
What is the remainder when 78219 is divided by 1344?
267
What is the remainder when 403208 is divided by 18183?
3182
Calculate the remainder when 70123447 is divided by 6181.
2
What is the remainder when 1044203 is divided by 1302?
1301
Calculate the remainder when 105776 is divided by 8107.
385
Calculate the remainder when 211923 is divided by 10009.
1734
What is the remainder when 996702 is divided by 7775?
1502
What is the remainder when 12681413 is divided by 8621?
8543
What is the remainder when 622562 is divided by 103731?
176
What is the remainder when 425062 is divided by 421498?
3564
Calculate the remainder when 7877343 is divided by 468.
435
What is the remainder when 8708953 is divided by 226?
43
What is the remainder when 1989844 is divided by 6655?
6654
Calculate the remainder when 30965611 is divided by 15482748.
115
What is the remainder when 2714853 is divided by 6?
3
What is the remainder when 181378 is divided by 45340?
18
What is the remainder when 14936 is divided by 32?
24
What is the remainder when 34519 is divided by 11366?
421
Calculate the remainder when 48388 is divided by 46846.
1542
Calculate the remainder when 34162 is divided by 6433.
1997
Calculate the remainder when 15730826 is divided by 2536.
18
What is the remainder when 246427 is divided by 34450?
5277
What is the remainder when 69050 is divided by 22650?
1100
Calculate the remainder when 357310 is divided by 373.
349
What is the remainder when 1075413 is divided by 134?
63
Calculate the remainder when 125316 is divided by 13897.
243
Calculate the remainder when 14545328 is divided by 136.
128
What is the remainder when 33754657 is divided by 31814?
3
What is the remainder when 108793 is divided by 12044?
397
What is the remainder when 327084 is divided by 1939?
1332
Calculate the remainder when 1449856 is divided by 1375.
606
Calculate the remainder when 36568 is divided by 86.
18
What is the remainder when 68377687 is divided by 8871?
19
Calculate the remainder when 100579 is divided by 713.
46
What is the remainder when 673757384 is divided by 5173?
5172
Calculate the remainder when 68776 is divided by 22220.
2116
Calculate the remainder when 7185735 is divided by 422690.
5
Calculate the remainder when 29180 is divided by 2280.
1820
What is the remainder when 620942 is divided by 4383?
2939
Calculate the remainder when 562098 is divided by 35129.
34
Calculate the remainder when 761989 is divided by 1347.
934
What is the remainder when 2330997 is divided by 1665?
1662
What is the remainder when 40377853 is divided by 403778?
53
What is the remainder when 28847 is divided by 458?
451
Calculate the remainder when 3545127 is divided by 13635.
27
Calculate the remainder when 1346359 is divided by 36.
31
Calculate the remainder when 80254965 is divided by 40127475.
15
Calculate the remainder when 209379 is divided by 124.
67
What is the remainder when 1140679 is divided by 10005?
109
Calculate the remainder when 2211002 is divided by 245666.
8
What is the remainder when 3591979 is divided by 1795876?
227
Calculate the remainder when 424858 is divided by 53103.
34
What is the remainder when 11596478 is divided by 38?
18
Calculate the remainder when 14681838 is divided by 3967.
3938
Calculate the remainder when 97115 is divided by 96152.
963
Calculate the remainder when 8801 is divided by 823.
571
What is the remainder when 1290112 is divided by 1028?
1000
What is the remainder when 125434240 is divided by 255?
250
Calculate the remainder when 3723 is divided by 200.
123
Calculate the remainder when 497217 is divided by 3406.
3347
Calculate the remainder when 328244 is divided by 109410.
14
Calculate the remainder when 75838865 is divided by 138.
137
What is the remainder when 453924 is divided by 12608?
36
Calculate the remainder when 1386785 is divided by 3159.
3143
Calculate the remainder when 428003 is divided by 678.
185
Calculate the remainder when 26807908 is divided by 1086.
1084
Calculate the remainder when 69617856 is divided by 2395.
2391
What is the remainder when 90101662 is divided by 726?
706
Calculate the remainder when 4685319 is divided by 3468.
51
What is the remainder when 254484 is divided by 2234?
2042
What is the remainder when 59374 is divided by 5369?
315
Calculate the remainder when 9691 is divided by 2091.
1327
What is the remainder when 746696 is divided by 13576?
16
What is the remainder when 526764 is divided by 86?
14
What is the remainder when 22689 is divided by 20081?
2608
What is the remainder when 1160827 is divided by 219?
127
Calculate the remainder when 115483 is divided by 1343.
1328
Calculate the remainder when 17440388 is divided by 17440361.
27
Calculate the remainder when 683665 is divided by 48.
1
What is the remainder when 1016352 is divided by 6515?
12
What is the remainder when 650963401 is divided by 99?
88
What is the remainder when 255470 is divided by 36483?
89
What is the remainder when 26911 is divided by 1901?
297
What is the remainder when 115088090 is divided by 953?
951
What is the remainder when 1135196 is divided by 56757?
56
Calculate the remainder when 26764273 is divided by 58.
57
What is the remainder when 5924753 is divided by 2962222?
309
Calculate the remainder when 22319569 is divided by 10.
9
Calculate the remainder when 292864 is divided by 146185.
494
What is the remainder when 1525758 is divided by 99?
69
What is the remainder when 6125173 is divided by 13116?
1
What is the remainder when 263834 is divided by 150?
134
Calculate the remainder when 178501 is divided by 2002.
323
Calculate the remainder when 19625289 is divided by 173.
169
Calculate the remainder when 38855 is divided by 380.
95
Calculate the remainder when 332523 is divided by 777.
744
What is the remainder when 241472951 is divided by 518?
517
Calculate the remainder when 127717729 is divided by 19.
14
What is the remainder when 109410 is divided by 13469?
1658
Calculate the remainder when 350003 is divided by 174993.
17
Calculate the remainder when 13148579 is divided by 692.
579
Calculate the remainder when 117404 is divided by 53186.
11032
What is the remainder when 600053 is divided by 25000?
53
What is the remainder when 20582373 is divided by 61?
58
Calculate the remainder when 62940 is divided by 2036.
1860
Calculate the remainder when 1370795 is divided by 786.
11
What is the remainder when 1880234 is divided by 60?
14
What is the remainder when 5700153 is divided by 821?
771
What is the remainder when 62812 is divided by 15190?
2052
Calculate the remainder when 2625175 is divided by 238651.
14
What is the remainder when 123284622 is divided by 173?
151
What is the remainder when 104652 is divided by 619?
41
What is the remainder when 118301 is divided by 5997?
4358
What is the remainder when 1920448 is divided by 13244?
68
What is the remainder when 9833432 is divided by 16?
8
Calculate the remainder when 171440 is divided by 4844.
1900
What is the remainder when 18825 is divided by 1565?
45
Calculate the remainder when 234906 is divided by 29355.
66
Calculate the remainder when 13894098 is divided by 3031.
3025
What is the remainder when 394527 is divided by 4?
3
What is the remainder when 2390845 is divided by 16?
13
What is the remainder when 500341 is divided by 342?
337
Calculate the remainder when 514736 is divided by 102760.
936
Calculate the remainder when 122334091 is divided by 55657.
5
What is the remainder when 306552 is divided by 293?
74
Calculate the remainder when 3219003 is divided by 178831.
45
What is the remainder when 136718 is divided by 6?
2
Calculate the remainder when 6979701 is divided by 1208.
1085
Calculate the remainder when 6860395 is divided by 231.
157
Calculate the remainder when 1239310 is divided by 177044.
2
Calculate the remainder when 760926 is divided by 47.
43
Calculate